170362 = -4*h. List the prime factors of h.
3, 14197
Let n(x) = -15*x - 68. Let t be n(-6). Suppose 0 = -2*y + 8, 2*z = -3*z - 4*y + 566. Let v = t + z. What are the prime factors of v?
2, 3, 11
Let x = -410 + 235. Let v = x - -580. List the prime factors of v.
3, 5
Let x = -17932 - -30034. List the prime factors of x.
2, 3, 2017
Let k be 1*0/(2 + -7). Suppose -2*a - 4 + 24 = k. List the prime factors of (-16)/40 - (-2014)/a.
3, 67
Let n(c) = -8*c - 10 - c - 4*c + 11*c. Let o be n(-6). Suppose 96 = 5*y - 4*x - 402, -200 = -2*y + o*x. What are the prime factors of y?
2, 7
Let b(w) = -w**3 + 11*w**2 + 2*w - 15. Let k be b(11). Let y be 50*(35/10)/k. Suppose 6*t - 47 = y. What are the prime factors of t?
2, 3
Suppose 0 = -4*u - 23 - 13. Let i(h) be the first derivative of -h**4/2 - 6*h**3 - 5*h**2 - 4*h - 4. What are the prime factors of i(u)?
2, 43
Let f be (-38)/(-1) - (-2)/(-6)*(9 - -6). Suppose -139 = -4*i + 3*i. Let v = i - f. List the prime factors of v.
2, 53
Let g(h) = -22*h - 106. Let j be g(-5). Suppose 0 = -3*u + 3*r + 1338, 8*r + 458 = u + j*r. List the prime factors of u.
2, 13, 17
Let z be ((-1)/1)/(6/(-18)). Let p be 11/z + 7/42*-4. Suppose p*y - 59 = 16. What are the prime factors of y?
5
Suppose -41*d - 190*d - 75*d + 16482078 = 0. What are the prime factors of d?
61, 883
Let d(r) be the third derivative of r**6/10 - r**5/60 - r**4/2 + 7*r**3/2 + 166*r**2. List the prime factors of d(4).
5, 29
Let d = 117 - 112. Suppose d*l + 4*n - 1526 = 0, -5*l + n = 6*n - 1525. What are the prime factors of l?
2, 3, 17
Suppose -q - w + 17 = -6*w, 5*q + 2*w = 166. Suppose 10*f - 41958 = -q*f. List the prime factors of f.
3, 37
Let b = 266 - 266. Suppose -2*i - 2*d - 453 = -2181, -4*i + d + 3436 = b. List the prime factors of i.
2, 5, 43
List the prime factors of 49845 - (10 + (-13 - -4))*6.
3, 37, 449
Let r = 77961 - 54839. List the prime factors of r.
2, 11, 1051
Let q = 61666 - 18181. What are the prime factors of q?
3, 5, 13, 223
Let z = -446 - -453. Suppose -3*c + z*c = 2*v + 3350, -2*c = 5*v - 1693. What are the prime factors of c?
839
Let j be (-1 + -2)/(36/(-12)). List the prime factors of 2/(-18) - (2422/(-9))/j.
269
Suppose -4*x = -q + 377, -3*x = -q - 3*q + 299. Let t = 75 + x. What are the prime factors of ((-22)/33)/(1/t)?
2, 3
Let w be (-8)/(-10)*80/32. Suppose -v = -5*c + w - 3, -5*v = -3*c - 5. Suppose c = 4*d - 160 - 60. What are the prime factors of d?
5, 11
Suppose -9*p = -20 + 2. Suppose 4*u - 7*u - r = -327, 0 = p*r. List the prime factors of u.
109
Let x(s) = 295*s**2 - 24*s + 145. List the prime factors of x(7).
2, 11, 41
What are the prime factors of 39 - (20 + -18 + -6)?
43
Let w(i) = 51*i**2 - 28*i + 101. Let m(z) = z**2 + z - 2. Let y(d) = -4*m(d) + w(d). List the prime factors of y(6).
1609
Let z(r) = 30*r**3 + 37*r**2 - 70*r + 10. What are the prime factors of z(12)?
2, 17, 1657
Suppose 0 = 4*c - 2*c - 6. Suppose c*k = -8*k + 77. Suppose 5*w - 324 = -k*w. What are the prime factors of w?
3
Let j = 171 - 169. What are the prime factors of -8 - (-428 + (4 - j))?
2, 11, 19
List the prime factors of (166/(-249))/(2/(-4269)).
1423
Let v(n) = -9*n**3 - n**2 + 2*n + 9521. List the prime factors of v(0).
9521
Suppose 0 = 61*p - 17*p - 5*p - 1270425. What are the prime factors of p?
5, 1303
Suppose -5*f - 104 = 1081. Let r = f + 1245. What are the prime factors of r?
2, 3, 7
Let o(v) = 3*v + 9. Let h(s) = 1. Let f(r) = -14*h(r) + 2*o(r). Let n be f(3). Suppose 2*a = n + 106. What are the prime factors of a?
2
List the prime factors of ((-27)/(540/168640))/((-2)/12).
2, 3, 17, 31
Suppose -30*n - 9293 = -223523. What are the prime factors of n?
37, 193
Let y = 32789 + -12920. List the prime factors of y.
3, 37, 179
Suppose 50 + 520 = 2*c - 4*n, 3*c = n + 870. Let s = c - -37. What are the prime factors of s?
2, 41
Suppose 3*y - 67704 - 11812 + 9637 = 0. What are the prime factors of y?
23293
Suppose -61*u = -27*u - 280738. List the prime factors of u.
23, 359
Suppose -5*q = -3*a - 37, 5*q + a - 45 = 6*a. Suppose q*i - 878 = -568. What are the prime factors of i?
2, 31
Suppose -2*m = -14 + 4. Suppose -3*z = m*d + 902, 2*d + 2*d - 5*z + 729 = 0. Let b = d + 405. List the prime factors of b.
2, 7
Suppose 0*l = -4*l + 1032. Suppose 6*i + 5*r = i + 570, 2*i = 4*r + l. Suppose 0 = 5*d + 2*w - i, 2*d + w + 67 = 5*d. List the prime factors of d.
23
Let r(j) = -j - 79. Let u(a) = -a - 39. Let v(d) = -3*r(d) + 5*u(d). Let l be v(22). What are the prime factors of l/10 - (-966)/5?
193
Let q be (5060/(-165))/(4/(-702)). Suppose 5*g - q - 838 = 0. List the prime factors of g.
2, 311
Suppose 24*x - 9384 = 91368. Suppose 9*p - 2453 = x. List the prime factors of p.
739
Let f = 49840 - 29040. What are the prime factors of f?
2, 5, 13
Let q(l) = l**2 + l - 1. Let y(a) = -2*a**3 + 4*a**2 - 4*a + 11. Let f(w) = -3*q(w) - y(w). Suppose -51*p + 41*p + 50 = 0. What are the prime factors of f(p)?
2, 3
What are the prime factors of 4/(-10) - (806707/(-55) - 0)?
3, 4889
What are the prime factors of (6940/18)/((-12)/(-108))?
2, 5, 347
Let p(k) = 11*k**2 - k - 2. Let u be p(1). What are the prime factors of 213 + (6/15)/(u/20)?
2, 107
Suppose -3*d + 57 = 5*f - 0*d, 0 = 4*f - 4*d - 52. Suppose -f = -4*y, -3*y - 4443 = -q - 0*q. List the prime factors of ((-2)/7)/((-12)/q).
2, 53
Let d be (30/45)/(-2*(-2)/(-18)). Let t(x) = 13*x**2 + 2*x + 0*x - 6 - 5*x**2. List the prime factors of t(d).
2, 3, 5
Suppose 3*j - 402 - 1986 = 5*c, -3*c + 3980 = 5*j. Suppose 15*o = 2*v + 20*o - j, -3*v = 4*o - 1180. What are the prime factors of v?
2, 97
Suppose -378048 - 66013 = -23*h. What are the prime factors of h?
43, 449
List the prime factors of (-50)/(-30) - 152000/(-60).
3, 5, 13
Let b(t) = 6 + 16 + 2 - 19 - 445*t. What are the prime factors of b(-1)?
2, 3, 5
Let n(m) be the second derivative of 23*m**4/6 + 29*m**3/6 - 62*m**2 + 177*m + 1. What are the prime factors of n(5)?
1171
Suppose -b = 7*b - 13*b + 48280. List the prime factors of b.
2, 17, 71
Let s(m) = m**3 + 12*m**2 + 11*m + 5. Let l be s(-11). Suppose -4849 = -5*o - 4*d, 3*o - l*d = 2644 + 258. List the prime factors of o.
3, 17, 19
Let x = 39 - 23. Let u(k) = 1774*k + 9 - 1757*k + 3 - k**2. What are the prime factors of u(x)?
2, 7
Let b be (-1)/(7 + 18/(-3)). List the prime factors of (-854)/21*b*6.
2, 61
Suppose -4*k = 2*k - 96. Let s be 1/4 - (484/k - -3). Let f = s + 60. List the prime factors of f.
3
Let k = 13 + 37. Let m = 85 - k. Suppose m = p - 71. List the prime factors of p.
2, 53
Suppose -29*o = -33*o + 24. Let t(v) = 3*v**3 + v**2 - 15*v + 2. List the prime factors of t(o).
2, 149
Suppose 5*m = 7*m. Suppose -26 = 5*u - r, 7*u - 4*u - r + 14 = m. List the prime factors of (570/(-4))/5*16/u.
2, 19
Let r(k) = -658*k + 450. List the prime factors of r(-6).
2, 3, 733
Let s(g) be the second derivative of 3*g**5/5 - 29*g**4/12 - 5*g**3/3 - 13*g**2/2 - 81*g. List the prime factors of s(6).
5, 59
Suppose -p + 2*p - 5*n = 12, 2*p - 5*n - 14 = 0. Let w be p/6 + 22775/75. Suppose -w + 958 = 6*i. What are the prime factors of i?
109
Suppose -18030924 = -420*o + 16*o. List the prime factors of o.
3, 19, 29
Suppose 10*z - 3 = 13*z. Let u(s) = -223*s - 1. Let k be u(z). Suppose 2*p - k = 160. List the prime factors of p.
191
Let u be 63/12 + 40/(-32). Suppose 2*h - 373 = -6*d + 303, -5*d = u*h - 1331. What are the prime factors of h?
7, 47
Let j(l) = 72*l**2 - 5*l + 5. Let t be j(1). Suppose 0 = 67*i - t*i + 2*c + 6453, 4*i - 2*c = 5162. List the prime factors of i.
1291
Suppose 0 = 29*p - 553*p + 5962596. List the prime factors of p.
3, 3793
Let f(n) be the second derivative of n**3/2 + 25*n**2/2 + 8*n. Let w be f(-6). List the prime factors of w/(21/(-54))*2/(-4).
3
Let u(j) = 11*j**2 + 27*j - 68. List the prime factors of u(5).
2, 3, 19
What are the prime factors of -40 + 46 - (-1 - 21226)?
17, 1249
Suppose 4*i + 258 = 3*x, x + 2*x - 243 = -i. Let g be (4 - 3)/(174/(-86) - -2). Let y = g + x. What are the prime factors of y?
3, 13
Suppose -99*u = -11554 - 26759. What are the prime factors of u?
3, 43
Suppose 0*x - x + 4353 = 4*i, i - 8692 = -2*x. Suppose 0 = 65*l - 62*l + 5*u - 4309, 0 = -3*l + 4*u + x. List the prime factors of l.
3, 13, 37
Suppose -61*v + 121155 = 47*v - 256521. What are the prime f